st common factor of 2095850 and 28390?
1670
What is the greatest common divisor of 2013 and 217138955?
671
Calculate the highest common factor of 11100 and 1667220.
2220
What is the highest common divisor of 5185 and 673880?
85
What is the highest common factor of 1243 and 168157?
11
Calculate the greatest common factor of 1660420 and 244.
244
Calculate the greatest common divisor of 18616 and 2904.
8
Calculate the highest common factor of 1381149 and 50589.
693
What is the greatest common factor of 812 and 36356604?
116
What is the highest common factor of 279 and 1064571?
93
Calculate the highest common factor of 6635 and 168040.
5
What is the highest common factor of 6436934 and 50274?
1862
What is the greatest common divisor of 134 and 100480101?
67
Calculate the highest common divisor of 1071 and 75659850.
63
What is the highest common factor of 23006548 and 70047?
7783
Calculate the highest common divisor of 1962225013 and 14.
7
What is the greatest common factor of 19737 and 168499155?
2193
What is the greatest common factor of 185278658 and 1462?
86
Calculate the greatest common factor of 58906188 and 1152.
36
Calculate the highest common divisor of 678 and 2850027918.
678
Calculate the highest common factor of 88881 and 4450251.
2067
What is the greatest common factor of 304 and 767552?
16
Calculate the greatest common factor of 41244360 and 164.
164
Calculate the greatest common divisor of 7305 and 100385.
5
Calculate the greatest common divisor of 3074 and 595022.
58
Calculate the highest common divisor of 28952 and 78869384.
4136
What is the highest common factor of 31300476 and 6012?
2004
Calculate the highest common divisor of 369 and 373286181.
123
Calculate the highest common divisor of 1911 and 5351619.
273
What is the highest common factor of 54 and 13477482?
54
What is the highest common divisor of 28544 and 22106436?
892
Calculate the highest common divisor of 570120349 and 31.
31
Calculate the greatest common divisor of 2337108 and 6372.
708
What is the highest common divisor of 19576512 and 2430?
54
Calculate the greatest common divisor of 10014349 and 589.
19
What is the highest common divisor of 72231320 and 54656?
3416
What is the greatest common divisor of 9006255 and 3510?
135
Calculate the highest common divisor of 12 and 15555783.
3
Calculate the highest common divisor of 335680 and 1983680.
320
What is the greatest common factor of 14846 and 317018?
26
What is the highest common divisor of 24 and 918905364?
12
Calculate the greatest common factor of 9843057 and 747.
9
Calculate the highest common factor of 34599 and 135147.
57
What is the highest common divisor of 1002 and 596493606?
1002
Calculate the highest common factor of 13176 and 794609424.
4392
What is the highest common factor of 5310 and 66716374?
118
Calculate the greatest common factor of 70 and 7335398.
14
Calculate the greatest common factor of 23595200 and 640.
320
What is the greatest common divisor of 60380 and 582460?
20
What is the highest common factor of 112960319 and 202?
101
Calculate the highest common divisor of 72 and 11570388.
12
What is the greatest common factor of 3914120 and 2156?
196
Calculate the greatest common divisor of 4516856 and 8.
8
Calculate the highest common factor of 161667 and 114239.
71
Calculate the greatest common divisor of 22372 and 213322613.
5593
Calculate the highest common factor of 424309824 and 288.
288
What is the greatest common factor of 770664 and 32600?
1304
Calculate the greatest common divisor of 155623353 and 5874.
267
Calculate the greatest common divisor of 1494917 and 745.
149
What is the highest common factor of 2275941 and 63237?
591
Calculate the greatest common factor of 380070 and 589990.
410
What is the highest common factor of 243456 and 730560?
192
What is the highest common divisor of 171 and 104467149?
171
What is the highest common divisor of 376002 and 244338?
1266
Calculate the greatest common divisor of 470 and 112643490.
470
Calculate the highest common factor of 256459 and 224.
7
What is the highest common factor of 14220 and 4317903?
711
What is the greatest common divisor of 4380566 and 174?
58
What is the greatest common factor of 54 and 61089258?
6
Calculate the highest common divisor of 338968 and 285992.
56
Calculate the highest common divisor of 1961876 and 252.
28
Calculate the highest common divisor of 208684 and 65772.
812
Calculate the highest common divisor of 2267 and 170986208.
2267
What is the greatest common factor of 12626376 and 291312?
2856
Calculate the highest common divisor of 481365335 and 6710.
3355
What is the greatest common factor of 114820 and 5517101?
5741
What is the highest common factor of 2079088 and 12848?
176
Calculate the greatest common divisor of 44 and 21406121.
11
Calculate the highest common divisor of 29260 and 736540.
140
What is the highest common divisor of 7056 and 18229568?
784
What is the greatest common divisor of 5356560 and 192?
48
Calculate the highest common factor of 41821472 and 49.
7
Calculate the highest common divisor of 670760 and 605160.
1640
What is the highest common factor of 12861 and 30555?
9
Calculate the highest common divisor of 6299880 and 38070.
1410
Calculate the highest common divisor of 14978 and 895616999.
7489
What is the greatest common factor of 282039 and 20418?
123
What is the greatest common divisor of 11983 and 3887?
23
Calculate the highest common factor of 895 and 823937.
179
What is the greatest common factor of 450650575 and 145?
145
Calculate the greatest common divisor of 40307238 and 232203.
8007
What is the highest common factor of 711 and 110226?
3
What is the greatest common divisor of 2691666 and 9?
9
What is the highest common divisor of 4526068 and 6478?
158
What is the highest common factor of 421941674 and 1078?
154
What is the highest common factor of 300 and 21614490?
30
Calculate the greatest common divisor of 2177472 and 4128.
96
Calculate the highest common divisor of 210253331 and 51.
17
Calculate the highest common factor of 1950 and 4016850.
150
Calculate the highest common factor of 5173084 and 812.
28
What is the highest common divisor of 380061 and 52885017?
3141
Calculate the greatest common divisor of 19716 and 5394.
186
What is the highest common factor of 30 and 121777140?
30
What is the highest common divisor of 2734585 and 39560?
4945
What is the highest common factor of 7507326 and 3288?
822
What is the highest common factor of 4508 and 26740?
28
What is the greatest common divisor of 3006 and 6552746?
334
Calculate the greatest common factor of 90797 and 20629.
49
What is the highest common divisor of 740 and 368890?
370
What is the highest common factor of 1435 and 6595875?
205
Calculate the highest common divisor of 341 and 748614691.
341
Calculate the highest common factor of 673 and 15380069.
673
What is the greatest common factor of 1177 and 43040536?
1177
Calculate the highest common factor of 127 and 257282.
1
Calculate the highest common factor of 33419 and 446071.
1453
What is the greatest common factor of 683875 and 23875?
125
What is the highest common factor of 14902733 and 11853?
439
Calculate the greatest common divisor of 1378482 and 54096.
966
What is the highest common divisor of 5672 and 1348?
4
Calculate the highest common divisor of 64593190 and 10.
10
Calculate the greatest common factor of 132700 and 61700.
100
Calculate the greatest common divisor of 6316980 and 81242.
1658
What is the greatest common divisor of 33639672 and 528?
264
What is the highest common factor of 12 and 8201652?
12
What is the highest common divisor of 1908 and 652429788?
636
What is the greatest common factor of 2458368 and 6666?
66
Calculate the highest common factor of 204 and 10636492.
68
Calculate the highest common divisor of 19844 and 108404.
164
Calculate the greatest common divisor of 36 and 5704980.
12
Calculate the highest common divisor of 11064718 and 2030.
406
What is the highest common divisor of 5005 and 973?
7
Calculate the highest common divisor of 29119 and 157657.
37
What is the highest common divisor of 133 and 230574386?
133
What is the greatest common factor of 676 and 231868?
676
What is the greatest common divisor of 363798 and 540?
54
Calculat